 3*x**2/2 - 5*x - 1212. Give p(-4).
-1
Suppose -11*a + 2*t - 13 = -14*a, 4*t = 2*a - 30. Let g(n) = 13 - a*n + 6*n - 4*n + 6*n. Determine g(-4).
9
Let f(u) be the second derivative of -7/20*u**5 + 1/6*u**4 + 8*u + 0 + 1/6*u**3 + 0*u**2. Suppose -79 = 2*s - 77. What is f(s)?
8
Suppose 10552*r + 950 = 10502*r. Let f(b) = -b**2 - 15*b + 81. Give f(r).
5
Suppose 7382 = -4*p - 2*p + 7238. Let d(g) = -2*g**2 - 49*g - 48. What is d(p)?
-24
Suppose 0 = -389*o + 386*o - 7 - 2. Let d(a) = 5*a + 3. Calculate d(o).
-12
Let v(r) be the first derivative of 68 + 1/4*r**4 - 9/2*r**2 - 2*r - 8/3*r**3. Give v(9).
-2
Suppose 0 = 328*c - 329*c + 6*f + 54, 0 = 3*c - f - 43. Let k(j) = -j**3 + 11*j**2 + 14*j - 20. Calculate k(c).
4
Let f be (2/(-2) + 3)*(-13 + 14). Let w(v) = -3*v + 7. Calculate w(f).
1
Let k(g) = -2*g**3 + g**2 + 1. Let b(h) = 13*h**3 - 5*h. Let t(p) = -b(p) - 6*k(p). Let n = -33 - -33. Suppose 2*o + 9 = -r - n*r, -5 = 5*o. Give t(r).
8
Let t(w) = -w**3 + 8*w**2 + 7*w + 8. Let b(k) = 2*k**2 + 26*k + 53. Let o(a) = 12*a - 167. Let z be o(13). Let i be b(z). What is t(i)?
-10
Let p(m) = -68 + 32 - m + 3*m**3 + 3*m + 34 + 0*m**3. What is p(0)?
-2
Let s(y) = -3*y**2 - 67*y + 46. Let o be s(-23). Let v(z) be the second derivative of -z**3/3 + 3*z**2 - 5*z. Determine v(o).
6
Let m(d) = d**3 - 6*d**2 - 5*d + 6. Suppose 0 = -0*u - 11*u + 66. Determine m(u).
-24
Let w(t) = t**3 - 8*t**2 - 2*t + 4. Let z be (-9125)/(-30) - 3/18. Let y = z - 296. Give w(y).
-12
Let t(y) = -36*y + 21. Let v(s) = 10*s - 2. Let b(f) = t(f) + 6*v(f). What is b(3)?
81
Let f(c) = -2*c - 3 - 2*c + 2*c. Let h(s) = s**3 + 3*s**2 - 13*s - 9. Let z be h(-5). Let y be (-1 - (-26)/z) + (-22)/66. What is f(y)?
-9
Let d(k) = 5*k + 4 + k**3 - 4*k**2 + 2*k**2 - 5*k**2 + 0*k. Let t be d(6). Let u(c) = 4*c + 2. Determine u(t).
-6
Let l(t) be the first derivative of -3*t**2 - 2*t + 133. Determine l(4).
-26
Let v(l) be the first derivative of -l**6/120 - l**5/10 - 7*l**4/24 - l**3 + l**2/2 - 5*l + 9. Let z(f) be the second derivative of v(f). Give z(-5).
4
Let c(l) = 10 + 2 - 11*l + 1 + 10*l**2 - l**3. Suppose -73*p + 59*p + 126 = 0. Give c(p).
-5
Let q(s) = s**3 + 8*s**2 + 10*s - 15. Suppose -5*a - 29 = -n, -21 = 3*a - 21*n + 24*n. Calculate q(a).
-3
Let q(y) = -y**3 + 12*y**2 + 3. Let v = -1 - 0. Let n(f) = -f**2 - f - 1. Let w(k) = v*q(k) - 5*n(k). Let u(p) = -47*p + 1886. Let b be u(40). Calculate w(b).
-4
Let x(r) be the first derivative of r**3/3 - 3*r**2 - 8*r - 9172. Let s be 10/3 + (-4)/(-6). Suppose 3*t = 14 + s. What is x(t)?
-8
Let r(h) = -4*h**3 - 9698 - h + 5*h**3 + 3*h**2 + 9699. Give r(2).
19
Let d be -13 - ((-22050)/80)/21. Let f(c) be the third derivative of -3*c**2 + 0 + d*c**4 + 0*c - 1/3*c**3. Give f(4).
10
Let u(n) = -n + 4. Suppose -2*h + 5*h + 12 = -4*p, 12 = -4*p + 3*h. Let x be 0 + (1 + 0 + p)*-11. Let y = x - 17. Give u(y).
-1
Let h(m) = -1697 + 3393 - 1686 + 0*m - 4*m. Calculate h(-6).
34
Let u be ((-3)/6*2)/1. Let n = u + 1. Let f(d) be the second derivative of d**3/6 - 10*d**2 - 15*d. Calculate f(n).
-20
Let s(n) = 2*n**2 + 7*n. Let y be -1*5*(-664)/20. Suppose -7*q - 26 = -y. Let w be (16/q)/((-6)/45). Determine s(w).
30
Let p be (714/9 + (-2)/1)*3. Suppose 236*i = p*i - 64. Let a(t) = t + 10. Calculate a(i).
-6
Suppose -5*i + 5*o = -1 + 11, -16 = 2*i - 5*o. Suppose i*l + 4*d = -24, 6*l - l + 51 = -d. Let r(a) = -a + 4. Give r(l).
14
Let t(n) = n + 13. Suppose 4*f = 66 - 6. Let l be 7*-3*(-4 + 9)/f. Calculate t(l).
6
Let z(m) be the second derivative of 1/12*m**4 - 5/6*m**3 + m**2 - 22*m - 1. Suppose 3*b + 20 = 7*b. Calculate z(b).
2
Let x(o) = o**3 - o + 2. Suppose v - 4*v - 12 = -s, -4*s = -v - 4. Let g(y) = -10*y**2 - 40*y. Let a be g(v). Calculate x(a).
2
Let u(a) = 3*a**2 - 7*a + 2. Let f(q) = q**3 + 39*q**2 + 38*q + 3. Let h be f(-38). Determine u(h).
8
Let f(i) be the second derivative of i**3/6 + i**2 - 601*i. Let c = -2 - 3. Let v be f(c). Let s(a) = -a**3 - 4*a**2 - 3*a. Calculate s(v).
0
Let b = -8167 - -8167. Let s(c) be the third derivative of 0 - 18*c**2 - 4/3*c**3 + b*c + 1/24*c**4. Calculate s(5).
-3
Let k(l) = -39*l**3 - 30*l**2 + 26*l - 51. Let i(s) = 47*s**3 + 31*s**2 - 26*s + 52. Let y(p) = 5*i(p) + 6*k(p). Give y(24).
2
Let a(u) = -3*u - 27. Let o be (-765)/60 + (-8)/32. Determine a(o).
12
Let d be ((-2)/4)/(8/80). Let s be (-26 - d)*1/3. Let v(n) = -n**3 - 7*n**2 + n + 9. Give v(s).
2
Let s = -6356 + 6343. Let n(m) = 5*m + 53. Calculate n(s).
-12
Let s(t) = -4*t + 36. Suppose 0 = -5*d - k - 33 + 96, 2*k - 18 = -d. Determine s(d).
-12
Let i(t) = -t**2 + 4*t + 2. Let c(q) = 3*q**2 - 83*q - 23. Let v be c(28). Calculate i(v).
-3
Suppose 4*k + 49 = -2*n + 57, -40 = k - 10*n. Let d(b) be the third derivative of 0 - 2/3*b**4 + 0*b**3 + k*b - 14*b**2. Give d(1).
-16
Let r(c) be the first derivative of -1/2*c**2 - 22*c - 17 - 5/2*c**3. Let k(x) be the first derivative of r(x). Determine k(-1).
14
Suppose -3*z = 3*z - 5*z + 4*z. Let q(o) be the third derivative of 1/120*o**6 - 2/15*o**5 + 0 + 11*o**2 + 2/3*o**3 + 1/4*o**4 + z*o. Give q(7).
-3
Let i be 4130/28 + (-10)/(-4). Let v(l) = i + 3*l + 18*l**3 - 19*l**3 - 2*l**2 - 146. Let t(s) = -s - 3. Let h be t(0). Calculate v(h).
4
Let d(f) = -69*f - 302. Let p(w) = 120*w + 600. Let s(m) = -5*d(m) - 3*p(m). Give s(-19).
-5
Suppose 2*l + 3*l - 40 = 0. Let n be 78/117*27/2. Let t(p) = l - 6 - 2*p + n. What is t(8)?
-5
Let b(v) = -17 - 15 + 50 - 4*v - 27 - 64 + v**2. What is b(11)?
4
Let q(z) = -z**3 + 5*z**2 - 6*z + 1. Let g = -2053 + 2055. Determine q(g).
1
Let i(z) = -2*z**3 - 7*z + 3*z + 101*z**2 - 23 - 5*z - 70*z**2 - 5*z. Give i(15).
-8
Let r be 18/(-8) - 1/(-4). Let o = r + 5. Let j(h) = -89*h**2 + 8*h - 2. Let t(a) = -36*a**2 + 4*a - 1. Let z(i) = -2*j(i) + 5*t(i). Determine z(o).
-7
Let g = -80 - -68. Let a be 1/(-4) + -4 + (-15)/g. Let r(p) = -6 + 1 + 2*p + 3. Give r(a).
-8
Let g(r) be the first derivative of r**3/3 + 5*r**2/2 - 2*r + 1512. Give g(-9).
34
Let y = 14 - 9. Let f be 17 + 8/2 + -4. Let k(s) = -s**3 + 19*s + 4*s**2 + 5 + 1 - f*s. What is k(y)?
-9
Let g be 87/(-27) - ((-55)/45 + 1). Let c(s) = -9*s**3 - 2*s**2 + 5*s + 23. Let r(q) = 4*q**3 + q**2 - 2*q - 11. Let t(n) = g*c(n) - 7*r(n). Give t(0).
8
Let t(h) = -115 + 6*h**2 + 231 + h - 4*h**3 + 3*h**3 - 124. Let s(l) = l**3 - 4*l**2 - l + 6. Let r(v) = 6*s(v) + 5*t(v). Determine r(-6).
2
Let h(l) = -3*l. Let d = 83 + -83. Let m = d - -3. Suppose 0 = -3*f - m*o + 8*o + 12, -5*o = 15. What is h(f)?
3
Let w(n) be the first derivative of 24*n**2 - 243*n + 3532. Give w(5).
-3
Let t(g) = -167*g + 1826. Let x be t(11). Let u(n) = -n**3 - 11*n**2 + 3*n + 6. Give u(x).
-27
Let k(n) = -n**2 + 5*n - 3. Suppose 367 = 45*z - 173. Suppose -l - 60 = -4*i + 3*l, -4*l = -3*i + 47. Suppose i*d = z*d + 4. Give k(d).
1
Let q = -17380 - -521401/30. Let j(i) be the third derivative of -q*i**5 + 22*i**2 - 1/24*i**4 + 0 - 1/120*i**6 + 0*i + 0*i**3. What is j(2)?
-18
Let d = -1374 - -1371. Let b(y) = 4*y - 12. Calculate b(d).
-24
Let d = -47 - -49. Suppose 5*n - 19 = -d*k, 3*k - 45 = -0*n - 2*n. Let v(m) = -12*m**2 + 3*m + k*m**2 - 1 - 6*m**2. Determine v(2).
1
Let a(i) = 2*i**2 - 1 - 2 - 5*i**2 + 1. Let l = 31 - 18. Suppose 4*n = -4*o, -2*o + 3*n + 3 = l. Determine a(o).
-14
Let u(q) = 6*q**2 + 2*q + 3. Let b(s) = -472 - 2*s + 445 - 2*s. Let l be b(-6). Let x be (-22)/8 - l*(-2)/(-8). Calculate u(x).
23
Let v(s) be the third derivative of s**6/120 - s**5/12 + s**4/8 + s**2. Let i = -19588 - -19591. What is v(i)?
-9
Let d(c) = -c**2 - 3*c + 11. Let i(m) = -m**2 - m + 51. Let u be i(-8). Let h be (-2)/(-5 + 7) + u. Calculate d(h).
-7
Let i(r) = -123*r**2 - 121*r**2 - 2 + 371*r**2 - 126*r**2. Let u be (-2)/6 + (-13)/(-3). Give i(u).
14
Let v(r) = -19*r - 439*r**2 + 142*r**2 - 78 + 9*r + 149*r**2 + 149*r**2. What is v(-6)?
18
Let f(s) be the second derivative of s**3/3 + 9*s**2/2 + 5989*s. Give f(-10).
-11
Let j = -4947 - -4952. Let s(v) = v + 5. Give s(j).
10
Let u(g) = -2 + 4 - 20*g - 21. Let r be (-28 - -32)/(8/22). Let o(t) = -4*t - 4. Let i(c) = r*o(c) - 2*u(c). What is i(-6)?
18
Let j = 105864 + -105873. Let i(d) = 5*d - 1. Let q(m) = -9*m + 1. Let v(h) = -7*i(h) - 4*q(h). Determine v(j).
-6
Suppose 4*x + 91 = -5*x + 109. Let s(r) = -6*r**2 - 22*r + 43. Ca